?
110
Calculate the remainder when 5729 is divided by 731.
612
Calculate the remainder when 220017 is divided by 5366.
11
Calculate the remainder when 65678 is divided by 4687.
60
What is the remainder when 3404 is divided by 2166?
1238
Calculate the remainder when 9077 is divided by 31.
25
Calculate the remainder when 18690 is divided by 221.
126
What is the remainder when 2889 is divided by 36?
9
What is the remainder when 275403 is divided by 187?
139
Calculate the remainder when 4316 is divided by 426.
56
Calculate the remainder when 13881 is divided by 8.
1
Calculate the remainder when 1272 is divided by 97.
11
What is the remainder when 53522 is divided by 4115?
27
What is the remainder when 115 is divided by 89?
26
What is the remainder when 144969 is divided by 218?
217
Calculate the remainder when 417568 is divided by 493.
490
What is the remainder when 877 is divided by 237?
166
Calculate the remainder when 117992 is divided by 58877.
238
Calculate the remainder when 858 is divided by 446.
412
What is the remainder when 31086 is divided by 536?
534
Calculate the remainder when 1243 is divided by 428.
387
Calculate the remainder when 12278 is divided by 422.
40
Calculate the remainder when 49019 is divided by 443.
289
What is the remainder when 4626 is divided by 61?
51
What is the remainder when 1473915 is divided by 1?
0
What is the remainder when 101 is divided by 11?
2
What is the remainder when 98944 is divided by 19787?
9
What is the remainder when 5820 is divided by 48?
12
Calculate the remainder when 12587 is divided by 4.
3
What is the remainder when 45042 is divided by 10?
2
What is the remainder when 59232 is divided by 93?
84
What is the remainder when 4928 is divided by 1616?
80
Calculate the remainder when 223365 is divided by 1234.
11
Calculate the remainder when 24936 is divided by 1065.
441
What is the remainder when 178278 is divided by 279?
276
What is the remainder when 7616 is divided by 2436?
308
What is the remainder when 97 is divided by 34?
29
Calculate the remainder when 63057 is divided by 8.
1
What is the remainder when 14693 is divided by 91?
42
What is the remainder when 38278 is divided by 555?
538
Calculate the remainder when 1204 is divided by 95.
64
Calculate the remainder when 15095 is divided by 790.
85
Calculate the remainder when 3940 is divided by 1225.
265
What is the remainder when 1906 is divided by 35?
16
Calculate the remainder when 14631 is divided by 20.
11
Calculate the remainder when 62090 is divided by 31034.
22
Calculate the remainder when 2116 is divided by 1490.
626
What is the remainder when 876 is divided by 231?
183
Calculate the remainder when 18671 is divided by 2667.
2
Calculate the remainder when 6088 is divided by 25.
13
What is the remainder when 5439 is divided by 217?
14
What is the remainder when 158669 is divided by 156?
17
What is the remainder when 409516 is divided by 59?
56
Calculate the remainder when 257 is divided by 65.
62
Calculate the remainder when 597 is divided by 139.
41
Calculate the remainder when 6640 is divided by 6615.
25
What is the remainder when 291792 is divided by 387?
381
What is the remainder when 10178 is divided by 841?
86
What is the remainder when 628 is divided by 132?
100
Calculate the remainder when 25547 is divided by 61.
49
What is the remainder when 8668 is divided by 17?
15
Calculate the remainder when 42483 is divided by 438.
435
Calculate the remainder when 10354 is divided by 3438.
40
What is the remainder when 100799 is divided by 144?
143
What is the remainder when 7664 is divided by 40?
24
Calculate the remainder when 1625 is divided by 127.
101
What is the remainder when 4313 is divided by 290?
253
Calculate the remainder when 32119 is divided by 271.
141
Calculate the remainder when 8661 is divided by 1.
0
Calculate the remainder when 2900 is divided by 133.
107
What is the remainder when 5061 is divided by 1260?
21
What is the remainder when 9491 is divided by 414?
383
What is the remainder when 11388 is divided by 371?
258
What is the remainder when 6411 is divided by 3203?
5
Calculate the remainder when 9498 is divided by 34.
12
What is the remainder when 37438 is divided by 720?
718
What is the remainder when 5507 is divided by 917?
5
Calculate the remainder when 8217 is divided by 2726.
39
What is the remainder when 3548 is divided by 27?
11
What is the remainder when 9351 is divided by 3734?
1883
What is the remainder when 1652194 is divided by 273?
271
Calculate the remainder when 28270 is divided by 2354.
22
What is the remainder when 98533 is divided by 323?
18
Calculate the remainder when 7053 is divided by 54.
33
What is the remainder when 74782 is divided by 24?
22
What is the remainder when 197 is divided by 109?
88
What is the remainder when 10981 is divided by 92?
33
What is the remainder when 751 is divided by 5?
1
What is the remainder when 847664 is divided by 105?
104
What is the remainder when 86346 is divided by 107?
104
What is the remainder when 167658 is divided by 101?
99
Calculate the remainder when 2795 is divided by 117.
104
What is the remainder when 244 is divided by 50?
44
Calculate the remainder when 649768 is divided by 33.
31
Calculate the remainder when 53863 is divided by 148.
139
What is the remainder when 3962 is divided by 156?
62
Calculate the remainder when 105954 is divided by 24.
18
What is the remainder when 6070 is divided by 39?
25
What is the remainder when 122923 is divided by 788?
783
What is the remainder when 791 is divided by 380?
31
What is the remainder when 390757 is divided by 29?
11
What is the remainder when 7593 is divided by 2348?
549
Calculate the remainder when 5722 is divided by 5713.
9
What is the remainder when 731911 is divided by 258?
223
Calculate the remainder when 269340 is divided by 53866.
10
What is the remainder when 78813 is divided by 314?
313
What is the remainder when 68030 is divided by 67916?
114
Calculate the remainder when 7690 is divided by 319.
34
What is the remainder when 3967 is divided by 2901?
1066
Calculate the remainder when 19725 is divided by 9801.
123
Calculate the remainder when 33558 is divided by 230.
208
What is the remainder when 4886 is divided by 304?
22
Calculate the remainder when 3573 is divided by 705.
48
Calculate the remainder when 9868 is divided by 1586.
352
Calculate the remainder when 41129 is divided by 13565.
434
Calculate the remainder when 2533 is divided by 2497.
36
What is the remainder when 25368 is divided by 292?
256
What is the remainder when 3981 is divided by 44?
21
Calculate the remainder when 1565 is divided by 762.
41
What is the remainder when 4902 is divided by 444?
18
What is the remainder when 549 is divided by 60?
9
Calculate the remainder when 9725 is divided by 33.
23
What is the remainder when 234554 is divided by 7?
5
What is the remainder when 111677 is divided by 4855?
12
What is the remainder when 1525 is divided by 147?
55
What is the remainder when 536 is divided by 58?
14
What is the remainder when 14928 is divided by 4975?
3
What is the remainder when 15991 is divided by 131?
9
Calculate the remainder when 551519 is divided by 383.
382
What is the remainder when 5349 is divided by 173?
159
Calculate the remainder when 83060 is divided by 33.
32
Calculate the remainder when 3553 is divided by 369.
232
What is the remainder when 3762 is divided by 717?
177
What is the remainder when 2357 is divided by 1158?
41
Calculate the remainder when 131713 is divided by 1882.
1855
Calculate the remainder when 84442 is divided by 326.
8
Calculate the remainder when 8273 is divided by 38.
27
What is the remainder when 2097 is divided by 493?
125
Calculate the remainder when 64536 is divided by 86.
36
What is the remainder when 42448 is divided by 14116?
100
What is the remainder when 200968 is divided by 290?
288
What is the remainder when 539665 is divided by 25?
15
Calculate the remainder when 3870 is divided by 623.
132
What is the remainder when 68384 is divided by 235?
234
Calculate the remainder when 1653 is divided by 497.
162
What is the remainder when 583 is divided by 261?
61
What is the remainder when 10377 is divided by 964?
737
What is the remainder when 58446 is divided by 1787?
1262